e 7) to base 8
7303
What is 3841 (base 9) in base 3?
10221101
Convert 351 (base 15) to base 11.
623
1434 (base 6) to base 11
318
423 (base 7) to base 11
184
Convert -101110000000110 (base 2) to base 11.
-16777
What is -112220 (base 3) in base 2?
-110010010
346 (base 11) to base 5
3123
163124 (base 7) to base 8
77065
What is -4340 (base 7) in base 10?
-1547
-31205 (base 8) to base 13
-5b6b
-440 (base 8) to base 14
-168
Convert 126 (base 15) to base 13.
171
Convert 251341 (base 6) to base 13.
a258
-6b51 (base 14) to base 8
-44403
What is -3fa8 (base 16) in base 13?
-7557
b91 (base 13) to base 2
11110111001
-10c5 (base 14) to base 12
-1831
Convert 274 (base 16) to base 5.
10003
1373 (base 8) to base 12
537
Convert -347 (base 9) to base 5.
-2121
What is 212211 (base 5) in base 15?
21db
Convert -51 (base 11) to base 15.
-3b
4307 (base 8) to base 16
8c7
What is -10745 (base 12) in base 5?
-1144142
What is -d057 (base 16) in base 14?
-15619
What is 54545 (base 6) in base 11?
5747
-3133 (base 6) to base 5
-10310
-1828 (base 11) to base 6
-14441
What is -4194 (base 10) in base 16?
-1062
-11000001110 (base 2) to base 14
-7ca
8af (base 16) to base 7
6324
Convert -543514 (base 6) to base 15.
-d487
Convert 34035 (base 7) to base 8.
20631
1a68 (base 13) to base 15
129d
Convert -12513 (base 12) to base 2.
-110000101011111
What is 311411 (base 5) in base 15?
3071
1401100 (base 5) to base 2
110111001110011
Convert -1101221 (base 3) to base 15.
-484
Convert -37883 (base 12) to base 4.
-102130203
Convert 2644 (base 8) to base 13.
871
Convert -124525 (base 6) to base 2.
-10110010100101
Convert -2023 (base 8) to base 7.
-3020
1150 (base 8) to base 7
1540
What is -22221 (base 4) in base 7?
-1662
-10010101111010 (base 2) to base 13
-44a0
-132 (base 8) to base 12
-76
What is -13012301 (base 4) in base 8?
-70661
4514 (base 11) to base 14
2248
Convert 55 (base 10) to base 16.
37
What is -51342 (base 6) in base 14?
-26bc
Convert -3949 (base 10) to base 11.
-2a70
Convert -631 (base 9) to base 2.
-1000000010
What is -10101110010010 (base 2) in base 7?
-44343
Convert 151cb (base 15) to base 3.
10110011102
What is 200213 (base 4) in base 15?
942
Convert -3414 (base 6) to base 3.
-1002201
What is -23242 (base 6) in base 10?
-3338
What is 26d5 (base 14) in base 5?
204401
-51 (base 10) to base 5
-201
Convert -1169 (base 12) to base 9.
-2610
What is -12120200 (base 3) in base 16?
-fe4
What is 5045 (base 8) in base 6?
20005
Convert -4511 (base 16) to base 7.
-102356
What is -101110110000100 (base 2) in base 4?
-11312010
What is 23823 (base 11) in base 16?
85dc
-76b (base 13) to base 12
-8a0
What is 7177 (base 8) in base 11?
2874
-7917 (base 12) to base 13
-6148
-10022 (base 3) to base 4
-1121
9797 (base 15) to base 8
76534
What is -315a (base 11) in base 9?
-5653
Convert -10022 (base 5) to base 16.
-27d
What is 2c3 (base 14) in base 2?
1000110011
Convert 4 (base 16) to base 4.
10
Convert 3030 (base 7) to base 13.
62a
Convert 1665 (base 8) to base 9.
1264
What is 466 (base 15) in base 13?
5b8
-1cc2 (base 14) to base 4
-1102102
-10056 (base 11) to base 12
-8612
-75 (base 10) to base 6
-203
111211100 (base 3) to base 4
2131200
-10306 (base 8) to base 12
-259a
Convert -2162 (base 7) to base 16.
-30b
Convert 413b (base 13) to base 3.
110100121
What is 21233 (base 5) in base 13?
870
23221013 (base 4) to base 11
32912
Convert a3 (base 15) to base 2.
10011001
What is 26356 (base 7) in base 3?
100200001
-1473 (base 9) to base 7
-3156
What is 47 (base 11) in base 10?
51
What is -22012202 (base 3) in base 9?
-8182
-112011 (base 3) to base 7
-1054
-287 (base 12) to base 13
-241
Convert 1b24 (base 12) to base 3.
11120201
What is -1353 (base 8) in base 11?
-61a
Convert -42a2 (base 11) to base 8.
-13056
What is -18815 (base 10) in base 3?
-221210212
Convert 1313311 (base 4) to base 5.
221134
What is -19440 (base 10) in base 3?
-222200000
Convert 21220011 (base 3) to base 14.
2151
What is 306 (base 13) in base 6?
2213
What is 501 (base 7) in base 9?
303
Convert 32431 (base 7) to base 9.
12107
Convert 4e7 (base 16) to base 11.
a41
What is -3371 (base 16) in base 3?
-200001202
Convert 10022000 (base 4) to base 7.
100430
-20100 (base 3) to base 8
-253
What is 17223 (base 8) in base 10?
7827
203 (base 12) to base 5
2131
What is 2526 (base 9) in base 12?
1113
8b92 (base 14) to base 12
12038
Convert 13a3 (base 12) to base 9.
3116
What is -2547 (base 8) in base 2?
-10101100111
What is -101110000111101 (base 2) in base 4?
-11300331
Convert -1655 (base 8) to base 4.
-32231
Convert -2eee (base 15) to base 16.
-278c
What is -7250 (base 8) in base 9?
-5128
Convert 1010110100010111 (base 2) to base 5.
2404221
-21110010 (base 3) to base 9
-7403
-1007 (base 12) to base 10
-1735
-b006 (base 16) to base 7
-245243
What is 1bb6 (base 12) in base 16?
d7a
2354 (base 10) to base 5
33404
What is -1001000 (base 2) in base 10?
-72
Convert -746 (base 12) to base 4.
-100212
2312131 (base 4) to base 16
2d9d
Convert -34885 (base 10) to base 9.
-52761
What is 678 (base 16) in base 4?
121320
What is -4024332 (base 5) in base 10?
-64342
Convert 2000 (base 9) to base 16.
5b2
Convert 679 (base 10) to base 7.
1660
3131 (base 6) to base 13
421
1221210001 (base 3) to base 2
1001011001001100
What is 44430 (base 6) in base 12?
3716
Convert 1141410 (base 5) to base 8.
51750
What is 258 (base 15) in base 7?
1361
-18a8 (base 12) to base 10
-3008
Convert -267 (base 8) to base 14.
-d1
What is -3031 (base 4) in base 13?
-12a
Convert 35 (base 11) to base 8.
46
-22120022 (base 3) to base 13
-2ac5
16021 (base 8) to base 7
26643
Convert -2232 (base 8) to base 12.
-822
What is dd4 (base 14) in base 11?
2066
What is 3531 (base 6) in base 11?
700
-1303430 (base 5) to base 2
-110001110010010
Convert 3a95 (base 11) to base 13.
2553
Convert -1110201 (base 3) to base 5.
-13242
What is -103021 (base 4) in base 8?
-2311
What is 2a6 (base 12) in base 11?
347
Convert 326 (base 10) to base 12.
232
Convert 50c (base 16) to base 5.
20132
Convert -19129 (base 13) to base 11.
-33516
What is -10111101 (base 2) in base 14?
-d7
Convert -18a (base 12) to base 7.
-505
What is -4c0 (base 13) in base 11?
-697
2b4 (base 14) to base 13
334
112 (base 8) to base 2
1001010
What is -3a3a (base 11) in base 13?
-2507
-1718 (base 10) to base 11
-1322
What is 25742 (base 12) in base 5?
3114140
12805 (base 9) to base 2
10000111100000
What is 110310 (base 4) in base 5?
20312
Convert -3b (base 12) to base 8.
-57
Convert -21222 (base 4) to base 6.
-2510
What is -5ee (base 16) in base 5?
-22033
What is 5ce (base 15) in base 13?
7a6
Convert 111011000010 (base 2) to base 4.
323002
Convert -470 (base 15) to base 10.
-1005
-21300 (base 4) to base 13
-390
381 (base 10) to base 12
279
Convert 134232 (base 7) to base 4.
12032133
10657 (base 11) to base 2
11110001000101
What is -8521 (base 11) in base 7?
-44606
Convert -1201033 (base 6) to base 13.
-22566
What is -15c (base 14) in base 7?
-545
What is 3110 (base 4) in base 6?
552
-1131024 (base 5) to base 13
-95b3
Convert -f92 (base 16) to base 2.
-111110010010
Convert 1110120 (base 3) to base 9.
1416
Convert 1024 (base 10) to base 4.
100000
What is 4000 (base 6) in base 2?
1101100000
221030 (base 4) to base 12
1638
Convert -111122221 (base 3) to base 4.
-2123221
What is -13103 (base 4) in base 9?
-568
1023322 (base 4) to base 14
1ab0
-445 (base 7) to base 4
-3211
Convert -6640 (base 7) to base 14.
-c20
Convert -322130 (base 4) to base 8.
-7234
What is 13584 (base 12) in base 10?
26740
What is 7286 (base 10) in base 2?
1110001110110
What is 180 (base 16) in base 3?
112020
Convert 757 (base 10) to base 2.
1011110101
What is 1bc (base 14) in base 6?
1402
-213 (base 15) to base 16
-1d4
Convert -134321 (base 5) to base 8.
-12722
Convert 354 (base 7) to base 4.
2322
Convert 100864 (base 9) to base 5.
3403010
-4ba2 (base 12) to base 15
-2848
What is -2474 (base 11) in base 8?
-6233
2590 (base 10) to base 8
5036
-a34a (base 13) to base 5
-1210124
Convert 131445 (base 7) to base 10.
24582
12340 (base 5) to base 10
970
Convert 639 (base 15) to base 4.
111330
-33a1 (base 14) to base 13
-4104
Convert 120411 (base 5) to base 13.
2069
Convert 1002143 (base 6) to base 2.
1011100000101111
Convert -606 (base 7) to base 5.
-2200
Convert -2651 (base 